e factors of t?
2, 5
Suppose 3*j - 11 = 3*f - 38, 2*f - 4*j = 20. List the prime factors of 70/f - 4/(-16).
3
Let m(q) = q + 10. List the prime factors of m(14).
2, 3
Suppose -4*d - 1 = 4*p + 11, 8 = -4*p - 3*d. Let q = 27 + p. What are the prime factors of q?
2, 7
Suppose -425 = -5*c + 5*y, -6*y = c - 2*y - 90. List the prime factors of c.
2, 43
Let d = -4 - -6. Let h be ((-60)/42)/((-4)/14). Let t = h - d. What are the prime factors of t?
3
Let i(k) = -2*k - 7. Let o be 2 + (-1 - 4) + -3. List the prime factors of i(o).
5
Suppose -5*x + 260 = -65. What are the prime factors of x?
5, 13
Suppose 3*f + 0 + 15 = 0. Let v(c) = -c**3 - 4*c**2 + 4*c + 2. What are the prime factors of v(f)?
7
Suppose -5*x + 4*x = 0. Suppose x*y - 3*y + 33 = 0. What are the prime factors of y?
11
Let k(j) = 6 - 4 + 7*j**2 - 2. What are the prime factors of k(-1)?
7
Suppose 0 = 7*k - 4*k - 30. List the prime factors of k.
2, 5
Suppose -12*s + 1381 = 121. List the prime factors of s.
3, 5, 7
Let j = 8 + -3. Let n(s) = s**3 - 4*s**2 - 5*s + 3. List the prime factors of n(j).
3
Let t(a) = -a + 11. Let p be t(-5). Let i be 8/6*(-3)/(-2). Let h = p - i. What are the prime factors of h?
2, 7
Let u(n) = 6 - 8*n + 11*n + 8*n + n**2. What are the prime factors of u(-12)?
2, 3
Let p(k) be the first derivative of -k**4/4 + k**3 + k**2/2 + 4*k + 1. Let f be p(3). Let l(b) = b**2 - 6*b + 6. What are the prime factors of l(f)?
13
Let t = -26 - -137. List the prime factors of t.
3, 37
Let d = -58 - -154. What are the prime factors of d?
2, 3
Suppose -3 = -2*c + 5. Suppose -c*x - x + 10 = 0. Suppose -6 + x = -w. What are the prime factors of w?
2
Let r(k) = 18*k - 3. Let w(g) = g. Let a(l) = r(l) - 5*w(l). Let n be a(3). What are the prime factors of 10/(-3)*n/(-30)?
2
Suppose 10 = 5*n, 0 = 3*j - 3*n - 1 + 7. Suppose 12 = c - j*c. What are the prime factors of c?
2, 3
Let b(h) = -h**2 - 12*h + 15. List the prime factors of b(-11).
2, 13
Let t be 3/4*(-20)/(-5). Suppose 3*s - 50 = -4*f, -20 = -t*s - 3*f + 31. List the prime factors of s.
2, 3
Suppose -40 - 34 = -g. Let x = -49 + g. Suppose 9*m = 4*m + x. What are the prime factors of m?
5
Suppose -10*u + u + 720 = 0. List the prime factors of u.
2, 5
Let c = -7 + 7. Suppose 2*v - 2*r - 15 + 1 = c, v - 1 = 4*r. List the prime factors of v.
3
Suppose -12 = -5*t + t. What are the prime factors of t + (-3)/(-3)*1?
2
What are the prime factors of (-472)/(-6)*3/2?
2, 59
Let z(p) = p - 10. Let f be z(7). Let i be f/((-6)/(-2))*0. List the prime factors of (-36)/(-3) - (1 + i).
11
Let a(d) = -d**3 + d**2 + d + 1. Let u be a(0). Let k be 58/(-10) + 1/(-5). List the prime factors of (-4)/(k/4 + u).
2
Let a be ((-28)/(-6))/(2/(-3)). Let c = a - -12. What are the prime factors of c?
5
Let c(w) = 8*w. Let v be c(2). What are the prime factors of (0 - 8/(-4))*v?
2
Suppose -t + 56 = 3*t. Let w be (-8)/4 - (t - 2). List the prime factors of -2 - (w - (1 + -1)).
2, 3
Suppose 2*k - 4*d - 16 = 0, 4*k - d = 4*d + 47. What are the prime factors of (-48)/(-27) - (-4)/k?
2
Let p be (-135)/1 - (2 - 2). List the prime factors of (-4)/14 - p/7.
19
Suppose -4*q - 32 + 4 = 0. Suppose 7*i - 2*i = 60. Let g = i + q. List the prime factors of g.
5
Let n(y) = 5*y**2 + 25*y + 9. Let w(j) = -3*j**2 - 13*j - 4. Let p(x) = -4*n(x) - 7*w(x). List the prime factors of p(12).
2, 7
Suppose -2*g = -4 - 2. What are the prime factors of g/18 + 250/12?
3, 7
Let x(k) = -12*k - 2. What are the prime factors of x(-3)?
2, 17
Suppose -3*o - 3*y = -33, 0 = o + 4*y + y - 3. List the prime factors of o.
13
Suppose 0 = -2*p + 47 - 9. Suppose 14 = 3*g - p. What are the prime factors of g?
11
Let s = 13 - -37. Suppose -3*v + s = -19. What are the prime factors of v?
23
Suppose 158 = 8*q - 1186. List the prime factors of q.
2, 3, 7
Let d(y) = -y**3 + 11*y**2 - 11*y + 1. Let h be d(8). Suppose -3*q + h = 2*q. List the prime factors of q.
3, 7
Suppose -128 = -5*q + 142. List the prime factors of q.
2, 3
Suppose 2*n - 2*o - 30 = 0, 0*n + 5*n + 5*o - 25 = 0. List the prime factors of n.
2, 5
Suppose 4*h - 2*a = 3*a + 7, 2 = 2*h - 4*a. Suppose -5*n = 4*d - 42, h*n = 4*d - 35 - 23. List the prime factors of d.
13
Suppose -3*q = -5*q + 3*b + 23, -q - 4*b + 28 = 0. List the prime factors of q.
2
Suppose 0 = -3*w, -a = a - 3*w. Let o be ((-4)/(-2))/1 - a. Suppose -17 = -o*s + 3. What are the prime factors of s?
2, 5
Let k = -2 + 3. Let b(i) = i**2 - 2*i - 3*i**3 + i + 10*i**3. What are the prime factors of b(k)?
7
Suppose -3*u + 13 = -2*u. Let j = u - 9. Suppose -y + 3*z = 7, -z + 65 = 5*y + j*z. List the prime factors of y.
2
Let o = -1 + 1. Suppose -2*p - 3*p + 35 = o. Suppose -5*f = -p*f + 16. List the prime factors of f.
2
Let n = 102 + -59. List the prime factors of n.
43
Let w(q) = 8*q**3 - 20*q**2 + 11*q - 23. Let f(t) = 3*t**3 - 7*t**2 + 4*t - 8. Let o(s) = -11*f(s) + 4*w(s). Let m = -10 + 6. List the prime factors of o(m).
2, 3
Suppose -z + 4 = -0*z. Suppose 0 = -z*y - 0*y + 88. Suppose 5*h = -3*f - 0*f + y, 3*h = 6. List the prime factors of f.
2
Let b(y) = -y**2 - 9*y - 10. Let h be b(-7). Let s(v) = v**2 - v + v**2 - h + 0. What are the prime factors of s(-3)?
17
Suppose -r + 10 = 2. List the prime factors of r.
2
Let w(u) = 6*u**2 - 5*u - 5. List the prime factors of w(-2).
29
Suppose 7*x = 337 + 461. What are the prime factors of x?
2, 3, 19
Suppose 4 + 2 = -2*b. Let m(q) = -q + 1. Let o(t) = 6*t. Let n(x) = 5*m(x) + o(x). List the prime factors of n(b).
2
Suppose 5*p - 10*p + 275 = 0. What are the prime factors of p?
5, 11
Let u be (-3)/18 - 553/(-6). Suppose 0*i - 28 = -2*i - 2*x, -5*x = -4*i + u. What are the prime factors of i?
2, 3
Let a(p) be the first derivative of -p**4/4 + 2*p**3 + 7*p**2/2 - 1. Let z be a(7). Suppose -s = 5*g - g - 34, 2*s + 4 = z. List the prime factors of g.
3
Suppose -7*s + 2*s + 65 = 0. Suppose 3*w + s = -0*d - 4*d, -w = 5*d + 19. Suppose 0 = 4*f - 7 - w. What are the prime factors of f?
2
Suppose -6*x = -2*x + 124. Let f = -21 - x. Suppose -r + f = r. What are the prime factors of r?
5
Let t be (-1 + -2)/(6/4). Let k(x) = -3*x**3 + x**2 - 3. Let b(v) = 6*v**3 - v**2 + v + 6. Let o(w) = -3*b(w) - 5*k(w). What are the prime factors of o(t)?
19
Let o = 0 - 9. List the prime factors of (21/4)/(o/(-24)).
2, 7
Suppose -3*s + 2*u + 19 = 0, -u - 17 = -4*s - 0*u. Let p(t) = 1 - 2*t - s + 5. What are the prime factors of p(-4)?
11
Let k(l) = -16*l - 2. Let z be 3/(-2) - 2/4. List the prime factors of k(z).
2, 3, 5
Suppose 0*j + 4 = 2*j. Let g(q) = -q**j + 3*q - 2*q + 0 + 3 - 4*q. What are the prime factors of g(-3)?
3
Let v(j) = 22*j - 2. List the prime factors of v(1).
2, 5
Suppose 4*k - 53 = 95. What are the prime factors of k?
37
Let d(j) = -3*j**3 - 7*j**2 + 5. Let z(c) = -7*c**3 - 15*c**2 + c + 11. Let s(o) = 5*d(o) - 2*z(o). List the prime factors of s(-5).
13
Let n be -1*6/(-9)*15. Suppose -4*k = -i + 1, -n = -3*i + i. Let x = k - -7. List the prime factors of x.
2
Let m(y) = -y**3 - 8*y**2 - 2*y + 16. Let f be m(-8). Suppose 80 = 4*q - f. List the prime factors of q.
2, 7
Suppose 4*q = 42 + 22. What are the prime factors of q?
2
Let c(t) = -t - 8. Let g be c(-9). Suppose -2*v = 3*v - 40. Suppose h - v + g = 0. What are the prime factors of h?
7
Suppose 4*t - 43 = -v - t, 0 = 4*v + 5*t - 172. Suppose v = h + 17. What are the prime factors of h?
2, 13
Let s(b) = -5*b + 2*b + 5*b - 4. List the prime factors of s(4).
2
Suppose 10 - 55 = 5*m. Let q = -5 - m. List the prime factors of q.
2
Let b(j) = j + 15. Let x(p) = -p**2 + 1. Let s be x(-1). What are the prime factors of b(s)?
3, 5
Suppose -3*c + 2*v = -5*c + 62, -2*c + v = -74. Let x = c - 9. Suppose 7 = -f + x. What are the prime factors of f?
19
Let w be (-1)/(0 + -1) - 0. Suppose 7 = -2*g - w, 0 = -5*b - 4*g - 1. Suppose b*k = -0*k + 30. What are the prime factors of k?
2, 5
Suppose 3*p - 78 = 2*z + p, z = 5*p - 55. Let i = -20 - z. List the prime factors of i.
3, 5
Let p(x) = -x**2 - x + 3. Let u be p(0). Suppose 4*r + 3*b + 83 = 8*r, 2*r = -u*b + 19. What are the prime factors of r?
17
Let g(o) = o**3 - 6*o**2 - 3*o - 2. What are the prime factors of g(7)?
2, 13
Suppose 0 = q - 0*q - 48. What are the prime factors of q?
2, 3
Let p(x) = 56*x**2 + 4*x - 3. List the prime factors of p(1).
3, 19
Let 